10*b + 11*b = -16. Let a(k) = k**3 + 16*k**2 - 2*k - 17. List the prime factors of a(b).
3, 5
Suppose 1400 = f - q, -11*f + 14*f - 4230 = -3*q. List the prime factors of f.
5, 281
Let y = -27 + 53. Suppose -c - y = -2*c. Suppose j - 3*x - c = -3, 5*j = -2*x + 132. What are the prime factors of j?
2, 13
Let g = 115 - 79. Suppose -9*z - g = -198. What are the prime factors of z?
2, 3
Let w(c) = c**3 + 17*c**2 - 41*c - 44. Let h be w(-19). Let l = h + 56. What are the prime factors of l?
3, 23
Let d(f) = f**3 + 16*f**2 + 14*f - 16. Let q be d(-15). What are the prime factors of -215*(q + 10/25)?
3, 43
What are the prime factors of (-6*7)/((9 + 2)/(-341))?
2, 3, 7, 31
Let h(g) = -3*g**3 + 4*g**2 - 3*g + 2. Let a be h(2). Let v be (-18)/a*(-12)/(-9). Suppose 4*b = 5*y + 102, -v*b - b = -3*y - 78. List the prime factors of b.
2, 7
Let f be (-4 + 1 + 6)/(6/4). List the prime factors of 40 + f - (-7 + 4).
3, 5
Let s be 299/2 - 8/(96/(-18)). Suppose -a - 4*u = -2*a + s, 5*a - 731 = -4*u. List the prime factors of a.
3, 7
Let a(k) = -k**2 + 8*k + 21. Let p be a(9). Suppose -p*y = -11*y - 8. Suppose y = 2*f - 2*r, -4*f + 17 = -r - 14. List the prime factors of f.
3
Let o(p) = p**3 + 17*p**2 - 5*p - 10. Let x be o(-19). List the prime factors of x/(-9) + (-10)/(-45).
71
Suppose -3*f + 277 = 3*i - 4*f, -4*f - 198 = -2*i. Let y be 1/(-6) + i/42. List the prime factors of -1*-86*y/4.
43
Suppose -8*p - 630 = -14*p. List the prime factors of p.
3, 5, 7
Let g = 116 - 37. Let a(q) = q**3 - 26*q + 6. Let v be a(-6). Let b = g + v. List the prime factors of b.
5
Suppose -6*p - d = -7*p - 44, 5*p + 229 = -4*d. Let i = p + 72. List the prime factors of i.
3
Let k(u) = 4*u**2 - 3*u + 21. What are the prime factors of k(6)?
3, 7
Let l = 18 + -16. Let a(j) = l - 22*j - 1 + 0. What are the prime factors of a(-2)?
3, 5
Suppose -8*f = 341 - 1197. Suppose y + 0*o = -4*o + 31, f = 4*y - o. List the prime factors of y.
3
Suppose -5*l - l = 996. Let p = -76 - l. List the prime factors of p.
2, 3, 5
Suppose 2*c = 3*v - 2*v - 24, v - 54 = 5*c. Let z be (-24)/c*10/(-3). Let m(h) = h**3 + 8*h**2 - 8*h - 7. What are the prime factors of m(z)?
3, 19
Let x = 43 + -8. Let o = x + 124. List the prime factors of o.
3, 53
Let g = -130 + 54. List the prime factors of 3 + g/6*-6.
79
Suppose 0 = 4*o + 2*v - 675 - 1499, o - 5*v = 571. List the prime factors of o.
2, 3, 7, 13
Let a(g) = -g - 3. Let r be a(-5). Suppose -r*k + i = -121, -2*k + 4*i = 14 - 132. List the prime factors of k.
61
Let y(j) be the second derivative of j**4/12 - 7*j**3/3 + 9*j**2/2 - 11*j. Let q be y(14). Let h(o) = -o**2 + 15*o + 1. List the prime factors of h(q).
5, 11
Suppose -5*c + 24 = -101. Let r = 35 + c. Let u = -28 + r. What are the prime factors of u?
2
Let c(z) = -4*z - 4 + 3*z + 3 + 2 - 10*z**3 - 3*z**2. What are the prime factors of c(-2)?
71
Let o = 168 + -167. What are the prime factors of (o/3 + 102/(-90))*-240?
2, 3
Let f be (-1904)/20 - 1/(-5). Suppose 25*q = 23*q - 60. List the prime factors of f/(-3) + (-10)/q.
2
Let c be 7*-4*11/(-14). List the prime factors of c/((-6)/(-9)*1/2).
2, 3, 11
Suppose 0 = 6*o - 3*o. Suppose o = 5*w - 129 - 841. What are the prime factors of w?
2, 97
List the prime factors of ((-4)/3)/((-36)/1458).
2, 3
Let p = 12 + -12. Suppose 0 = -2*k - 3*m + 107, -2*m + 52 = k - p*m. What are the prime factors of k?
2, 29
Let s(z) be the third derivative of 0*z + z**2 + 0 + 0*z**3 - 5/24*z**4. List the prime factors of s(-2).
2, 5
Let n be (76/(-6))/2*-6. Let m = -63 - -40. Let l = m + n. List the prime factors of l.
3, 5
Suppose -1175*m + 1166*m + 3204 = 0. List the prime factors of m.
2, 89
Let b = 1615 + 599. List the prime factors of b.
2, 3, 41
Let t(s) = 3*s - 3. Suppose d - 5*y = -7, 2*y - 19 = -3*d - 3*y. Let x(r) = 2*r - 3. Let q(o) = d*t(o) - 4*x(o). What are the prime factors of q(8)?
11
Let b = 119 + -114. Let r(c) = 2*c**2 - 3*c + 4. Let i be r(-8). Suppose -3*a + 3 - i = -3*g, 4*g = b*a + 206. List the prime factors of g.
7
Suppose 5*r = 4*c - 25, 5*c - 37 + 12 = 5*r. Suppose 3*b + 128 = -m + 2*m, 4*b - 4*m + 184 = c. Let f = 59 + b. What are the prime factors of f?
2, 3
Let t = 881 - 340. List the prime factors of t.
541
Suppose -7*d - d = -384. What are the prime factors of (-1702)/(-12) + (-4)/d*-2?
2, 71
Let z(y) = 3*y**3 + 4*y**2 + 5*y + 6. Let d(p) = 5*p + p - 11*p - 4*p**3 - 6 - 4*p**2. Let r(i) = -2*d(i) - 3*z(i). List the prime factors of r(-4).
2, 7
Suppose 1530 = 2*w + 2*o, 0*w - 5*o + 3055 = 4*w. List the prime factors of w.
2, 5, 7, 11
Let k be (-31 + (-3)/(-3))*9/(-2). Let t = k - 32. List the prime factors of t.
103
Let f = 417 + -16. What are the prime factors of f?
401
Let r = -3070 + 5600. List the prime factors of r.
2, 5, 11, 23
Suppose -5*w = -2*n + 247, -4*n - w + 232 = -207. Let a = -63 + n. Let x = -13 + a. What are the prime factors of x?
5, 7
Suppose -h - 26 = -21, -5*s = 4*h - 9070. What are the prime factors of s?
2, 3, 101
Let h(k) = k**2 + 18*k. List the prime factors of h(-30).
2, 3, 5
Let c(h) be the third derivative of h**6/24 + h**5/60 - h**4/8 + h**3/6 + h**2. Let w = 131 - 129. List the prime factors of c(w).
3, 13
Suppose 5*g = l - 4*l + 1535, -2*l + 4*g + 1060 = 0. List the prime factors of l.
2, 5, 13
Let q(i) = 15*i - 1. Let h(m) = m - 2. Let u be h(7). What are the prime factors of q(u)?
2, 37
Let l be 3/(-3) - (2 - 5). Suppose -4*j - 2*s = -316, -65 = -j + l*s - 6*s. List the prime factors of j.
3
Let c(u) = -u**2 - 4*u. Let y be c(-4). Suppose y = -x + 2*x - 1. Let d = x + 8. List the prime factors of d.
3
Let q = 50 - 30. Suppose 3*d - 15 = -j, -6*d + q = 5*j - 2*d. Suppose j = -2*s + 10 + 62. What are the prime factors of s?
2, 3
List the prime factors of (-27640)/(-12) - (-11)/(-33).
7, 47
Let r = 36 - 56. Let c be (-1)/(r/(-6) - 3). Let h(b) = -2*b**3 - 4*b**2 + 1. List the prime factors of h(c).
19
Suppose -160 = -h + 3*n, 5*n = -2*h + 4*n + 320. What are the prime factors of 36/8*h/15?
2, 3
Let u(k) = 28*k**2 + k - 6. Let w be u(-2). Suppose -12*m + 284 = w. List the prime factors of m.
3, 5
What are the prime factors of 3 + 1 - 9 - -2414?
3, 11, 73
Suppose 9420 - 3656 = 4*w. List the prime factors of w.
11, 131
Suppose 27*c - 9663 = 6618. What are the prime factors of c?
3, 67
Let y(q) = -15*q**3 + 2*q**2 - 1. Let l be y(-1). Suppose -l = -x + 7. Let j = x + -7. List the prime factors of j.
2
What are the prime factors of (-9 - -9) + (1 - 1) + 526?
2, 263
What are the prime factors of (36/(-144))/((-3)/33420)?
5, 557
Suppose -28 = 5*p + 2*a, a + 20 = -5*p - 9. List the prime factors of ((-3)/p*13 + 0)*26.
13
Let n(a) = 526*a**2 + 6*a - 1. What are the prime factors of n(-1)?
3, 173
Let l be 15 + -14 + (0 - -4). Suppose 2*w + 16 = 4*n, -l*w - 4*n - 22 = -5*n. What are the prime factors of -3*3*8/w?
2, 3
Let p = -70 - -636. What are the prime factors of p?
2, 283
Suppose 7*b + 16 - 93 = 0. Let r(s) = s**2 - 10*s + 10. List the prime factors of r(b).
3, 7
Let a(p) = -9*p**3 + 4*p**2 + 4*p. What are the prime factors of a(-4)?
2, 3, 13
Suppose -60 = -8*i + 3*i. Let u be 280/i*(-12)/10. What are the prime factors of 658/u*(-4)/2?
47
Suppose -36*p = -26*p - 13940. What are the prime factors of p?
2, 17, 41
Let n(o) = 3*o**3 - 4*o**2 - 16*o + 7. Let g be n(6). Suppose -2*b + g = 3*k - 71, 5*b - 3*k = 1236. List the prime factors of b.
2, 3, 41
Suppose 4*u = -2*a + 2*u + 24, -2*a + 34 = 4*u. What are the prime factors of 7*(1 + a/1)?
2, 7
Let s(o) = 1216*o + 343. List the prime factors of s(3).
13, 307
Suppose -7*k + 5924 + 5178 = 0. What are the prime factors of k?
2, 13, 61
What are the prime factors of ((-386)/7)/(6/(-588))?
2, 7, 193
What are the prime factors of -1*4 + (-214 - -14)/(-2)?
2, 3
Let i(w) = 56*w - 1018. List the prime factors of i(29).
2, 3, 101
Let o(a) = -7 - 14*a**3 + 10*a**2 + 15*a**3 + 2*a + 0*a - 4. List the prime factors of o(-9).
2, 13
Let i = 1944 + -1086. What are the prime factors of i?
2, 3, 11, 13
Suppose 2*o + 60 = 7*o. Suppose -17*a + o*a + 210 = 0. List the prime factors of a.
2, 3, 7
Let y(r) = r**3 + 9*r**2 + 5*r - 18. Let j be y(-9). List the prime factors of 1*-2*(j/2 + 2).
59
Let t(x) = -1 + 9*x**2 - 14*x**2 + 5*x + 11*x**2 - 4*x. Let z be (-32)/12 + 1/(-3). List the prime factors of t